925 and 157?
1
Calculate the highest common factor of 262199 and 343.
49
What is the highest common divisor of 80 and 2500720?
80
What is the greatest common divisor of 784 and 3672?
8
What is the greatest common divisor of 6123 and 4329?
39
Calculate the greatest common divisor of 35 and 89285.
35
What is the greatest common factor of 34 and 14564461?
17
Calculate the highest common factor of 1855 and 175.
35
Calculate the highest common divisor of 42 and 1463.
7
Calculate the highest common divisor of 229 and 3.
1
Calculate the greatest common divisor of 14513 and 1403.
23
What is the highest common divisor of 9174 and 647184?
834
Calculate the greatest common divisor of 831918 and 122.
122
Calculate the greatest common divisor of 1170 and 3153735.
585
What is the greatest common factor of 1633 and 10120?
23
What is the highest common factor of 64139 and 775?
31
What is the greatest common divisor of 187072 and 28124?
316
What is the highest common divisor of 984 and 2993?
41
Calculate the greatest common divisor of 4032 and 1218.
42
Calculate the greatest common factor of 16360 and 376.
8
What is the highest common factor of 155589 and 6214?
239
Calculate the greatest common divisor of 657 and 34659.
9
Calculate the highest common factor of 947370 and 2346.
138
What is the highest common divisor of 514080 and 9?
9
Calculate the highest common factor of 1142 and 1055779.
571
Calculate the greatest common factor of 442 and 2328677.
221
What is the highest common divisor of 20 and 1509750?
10
Calculate the highest common divisor of 676557 and 28.
7
Calculate the greatest common factor of 628 and 36.
4
Calculate the greatest common factor of 116 and 334399.
29
Calculate the greatest common factor of 215 and 19694.
43
What is the greatest common divisor of 216135 and 270?
135
Calculate the highest common divisor of 4185 and 451515.
465
Calculate the highest common divisor of 139354 and 10.
2
Calculate the greatest common divisor of 13 and 27677.
13
Calculate the highest common divisor of 48256 and 1131.
377
Calculate the highest common factor of 847644 and 196.
28
What is the highest common divisor of 85 and 23470?
5
Calculate the greatest common divisor of 77 and 4542769.
77
What is the highest common divisor of 78 and 261651?
39
What is the greatest common factor of 132348 and 61500?
492
What is the highest common divisor of 22 and 277475?
11
What is the highest common divisor of 40 and 17140?
20
What is the highest common divisor of 96 and 18996?
12
What is the highest common divisor of 89884 and 460?
92
What is the highest common divisor of 180 and 10602?
18
What is the greatest common factor of 38403 and 391?
17
What is the greatest common factor of 39336 and 1276?
44
Calculate the greatest common factor of 3192 and 273.
21
Calculate the greatest common factor of 10 and 127355.
5
What is the highest common factor of 83787 and 33?
33
What is the highest common divisor of 188 and 634876?
188
Calculate the highest common factor of 376 and 1594.
2
Calculate the greatest common factor of 361 and 19969.
19
Calculate the highest common factor of 4368 and 2028.
156
Calculate the greatest common divisor of 3471 and 1833.
39
Calculate the greatest common divisor of 42868 and 91.
7
What is the greatest common factor of 5 and 540730?
5
What is the greatest common divisor of 6 and 48522?
6
Calculate the highest common divisor of 570 and 1064.
38
Calculate the highest common divisor of 1295 and 203833.
259
Calculate the highest common factor of 49 and 6118.
7
What is the greatest common divisor of 748964 and 2712?
452
What is the highest common divisor of 571635 and 36?
9
What is the greatest common factor of 72 and 45312?
24
What is the highest common divisor of 52 and 133887?
13
Calculate the highest common divisor of 479 and 37.
1
Calculate the greatest common factor of 25370 and 4558.
86
Calculate the greatest common divisor of 658678 and 1098.
122
Calculate the greatest common factor of 210 and 1169.
7
Calculate the greatest common divisor of 2080776 and 56.
8
What is the greatest common factor of 23239 and 214619?
1367
What is the highest common factor of 13 and 134563?
13
What is the highest common factor of 25483 and 85?
17
What is the greatest common divisor of 1032804 and 5764?
524
What is the greatest common divisor of 4032 and 240?
48
Calculate the greatest common divisor of 48 and 1031736.
24
Calculate the highest common divisor of 451660 and 6490.
110
Calculate the greatest common divisor of 9416 and 88.
88
What is the highest common factor of 1660805 and 10?
5
Calculate the highest common factor of 77 and 165704.
77
Calculate the greatest common factor of 13996 and 4.
4
Calculate the highest common divisor of 12280 and 80.
40
What is the highest common divisor of 62 and 1025573?
31
What is the greatest common factor of 2231827 and 13?
13
What is the greatest common factor of 33990 and 44?
22
What is the highest common divisor of 13271 and 1403?
23
What is the greatest common factor of 1813 and 217?
7
What is the greatest common factor of 441 and 342?
9
What is the highest common divisor of 38 and 3825783?
19
Calculate the greatest common divisor of 1165668 and 28.
28
Calculate the greatest common divisor of 442 and 10907.
13
Calculate the highest common divisor of 34 and 26877.
17
What is the highest common factor of 501422 and 5245?
1049
Calculate the highest common divisor of 194062 and 44.
22
Calculate the highest common divisor of 592006 and 4498.
346
What is the highest common divisor of 480 and 405120?
480
Calculate the highest common factor of 91 and 460369.
91
What is the greatest common divisor of 8 and 187192?
8
What is the greatest common factor of 279960 and 360?
120
Calculate the greatest common factor of 4174254 and 126.
126
Calculate the highest common factor of 13247 and 11401.
13
Calculate the greatest common divisor of 446455 and 290.
145
Calculate the highest common factor of 20458 and 2226.
106
What is the highest common divisor of 576 and 790848?
576
Calculate the highest common divisor of 108489 and 129.
129
Calculate the highest common factor of 210 and 18210.
30
What is the greatest common divisor of 1425 and 48975?
75
What is the highest common divisor of 160 and 10770?
10
Calculate the greatest common divisor of 176 and 17296.
16
What is the highest common factor of 1108900 and 29900?
1300
Calculate the greatest common factor of 100925 and 4400.
275
What is the greatest common divisor of 23474 and 4?
2
Calculate the greatest common factor of 34506 and 1136.
142
Calculate the greatest common factor of 41401120 and 32.
32
Calculate the greatest common divisor of 49427 and 1449.
161
Calculate the greatest common divisor of 312 and 440.
8
What is the highest common factor of 10087 and 63?
7
Calculate the highest common divisor of 339592 and 264.
88
Calculate the highest common divisor of 4720 and 1130.
10
What is the highest common divisor of 502 and 32?
2
Calculate the greatest common factor of 14349973 and 11.
11
Calculate the greatest common factor of 137965 and 65281.
673
What is the greatest common factor of 2981 and 50135?
271
Calculate the highest common factor of 9297 and 81.
9
Calculate the greatest common divisor of 107756 and 341.
341
Calculate the highest common factor of 3397 and 2021.
43
Calculate the greatest common divisor of 13 and 1078155.
13
What is the highest common divisor of 496 and 8288160?
496
Calculate the highest common factor of 2432 and 52592.
304
What is the highest common factor of 4137 and 9850?
197
What is the highest common divisor of 40776 and 96?
24
What is the highest common divisor of 26838 and 13845?
213
What is the highest common factor of 6435 and 89505?
585
Calculate the highest common factor of 5705 and 17185.
35
Calculate the highest common divisor of 68419 and 247.
247
Calculate the greatest common factor of 21 and 73325.
7
What is the highest common divisor of 9264 and 1348?
4
What is the greatest common factor of 181173 and 44256?
1383
What is the highest common factor of 256 and 76256?
32
What is the greatest common factor of 33885 and 2295?
135
What is the greatest common factor of 215 and 4892325?
215
What is the highest common factor of 320650 and 4114?
242
What 